e
Let k(w) = -79*w**2 + 2*w - 16. Suppose -6 = -10*v + 11*v. Let n be k(v). Let i = -1861 - n. Is i a prime number?
False
Suppose 7*c + 90*c - 3104553 - 3962770 = 0. Is c a composite number?
False
Let c(h) = 9*h**2 - 8*h - 9. Let t be 515/618 - (-38)/12. Is c(t) a prime number?
True
Let i = -225 - -207. Let g(u) = -11*u - 109. Is g(i) prime?
True
Suppose 5*g - 179889 + 4269754 = 3*m, 0 = -2*m - 3*g + 2726602. Is m a prime number?
False
Suppose 0 = d + y + 31073, 6*d - 7*d + 4*y = 31093. Let n = d - -44474. Is n a prime number?
True
Let h(u) = -6*u**3 + 6*u**2 + 8*u + 5. Let r(d) = 12*d**3 - 11*d**2 - 16*d - 10. Let n(j) = 5*h(j) + 3*r(j). Is n(4) composite?
True
Let x(g) = 13*g**2 + 17*g + 642445. Is x(0) composite?
True
Suppose 15*p - 61474 = 25541. Is p a prime number?
True
Suppose -3*w = -3*r + 35 - 95, 9 = -3*r. Suppose w = 3*y - 4*h + 147, -y + 2*h - 46 = 0. Is (-7710)/y + (-4)/(-38) prime?
False
Let z(u) = 10*u - 2. Let r be z(-9). Let c = 100 + r. Suppose -12*k = -c*k - 564. Is k a prime number?
False
Suppose -3*g = -2*s - 680, 5*g - 3*s - 1130 = s. Is (g/(-15))/((-22)/2211) a composite number?
True
Let d = -503312 + 745083. Is d composite?
False
Let k(x) = -456*x - 1375. Let l be k(-3). Let w(s) be the first derivative of -7*s**4/4 - 2*s**3 - 6*s**2 - 12*s + 1. Is w(l) composite?
False
Suppose 0 = -0*d + 5*d - 10. Suppose -5*r + 5*n - 10 = n, 5*n - 21 = d*r. Is 3106/(-8)*-12*r/2 a composite number?
True
Let q(g) = 44*g**3 - 4*g**2 + g + 26. Let r be q(5). Let f = 1410 + r. Is f a prime number?
True
Let l = -102 - 247. Let j = -2419 + 4963. Let x = j + l. Is x a prime number?
False
Let a = 150 - 70. Suppose 2*q + a = 18*q. Let l(f) = 15*f**3 + 10*f**2 - 6*f + 4. Is l(q) a prime number?
True
Suppose 0 = 3*w - 3*x - 15, -3*w = 2*x - 5 + 15. Suppose d - 885 = 4*o - 0*o, -4*d + 2*o + 3512 = w. Is d composite?
False
Let m(c) = 25*c**3 - 2*c**2 + c - 6. Let y be m(2). Suppose -y*q + 7816 = -184*q. Is q prime?
False
Suppose -5*m + 25 = -5*z, 13 = -5*z + m + m. Let x be (z - 40/12)/((-3)/18). Suppose x*s = 24*s + 1822. Is s composite?
False
Let n(g) be the second derivative of 83*g**4/12 - 17*g**3/6 + 33*g**2/2 + g - 16. Is n(2) composite?
False
Let y = 167 - 120. Suppose -y*i + 19734 + 114028 = 0. Is i composite?
True
Let d = 55 + -106. Let g = d + 52. Is 1342*(2*1/4)/g prime?
False
Suppose 13024 = 4*y + 4*g, 2*y - 11*g = -15*g + 6506. Suppose 6515 = 2*i + 5*d, 9*d = -i + 7*d + y. Is i a composite number?
True
Suppose -31*b - 2422 = -30*b. Suppose -5*l - 19501 - 2074 = 0. Let z = b - l. Is z prime?
False
Let a(p) be the third derivative of p**5/12 + p**4/4 + 7*p**3/6 + 111*p**2. Let k(t) = -t**2 - 8*t - 1. Let i be k(-7). Is a(i) a composite number?
False
Let v(q) = 3234*q + 571. Is v(5) a prime number?
True
Suppose -17*t = -3*q + 11*t + 119, -5*q + t + 381 = 0. Is q prime?
False
Let k(p) = -p**3 - 9*p**2 - 12*p + 18. Let g be k(-7). Suppose 5*o + 5*a = 37815, -7596 + 37832 = 4*o - g*a. Is o composite?
False
Let w be (-8 - -3)*(-2)/5. Suppose 9*r - 10*r = -4*i + 3201, 1608 = 2*i - w*r. Is i prime?
False
Let z(x) = -1015*x + 135. Let q(i) = 508*i - 67. Let p(h) = 7*q(h) + 3*z(h). Is p(5) a prime number?
False
Suppose 164 = -4*d + 2*w, 4*d + w + 219 = -d. Let j = d + 174. Suppose -i - j = -2*i. Is i prime?
True
Suppose -148*c - 100*c + 69982872 = 0. Is c a prime number?
False
Suppose 53617 = h - 5*n, -4*n = 3*h - h - 107234. Is h composite?
False
Suppose -2*j - 2 = 0, 0 = o + j - 2*j + 257. Let f = o + 4649. Is f composite?
False
Let a(n) = -n**2 - 5*n + 8. Let o be a(-6). Suppose -479*k = -495*k + 64. Suppose -k*u - o*u + 5502 = 0. Is u a prime number?
False
Let t(p) = -p**3 + 7*p**2 + 19*p + 1. Let u be t(9). Let f(m) = -20*m + u*m + 869 + 8*m - m**3. Is f(0) a composite number?
True
Let j = -1249 + 2705. Suppose 4*t = 6*t - j. Suppose -2*n = t - 1994. Is n composite?
True
Suppose 3*k - 7*b = -2*b - 11, b + 8 = 4*k. Let t be 0 + (k - 7) + 12. Suppose 4*w - 1188 = 2*x, -12*w = -t*w + x - 1200. Is w a composite number?
True
Suppose -3*a + 26*n - 24*n + 1021439 = 0, 1021427 = 3*a + n. Is a prime?
True
Suppose 0*l = -l. Suppose -9*g = -5*x - 5*g + 6, l = x - 2*g. Suppose -4*u + 3558 = -x*u. Is u composite?
True
Let a(u) = 6*u - 42. Let d be a(6). Let v be (5 + -6)*3/d*1574. Is (-1 - v)/(-2) - 3 composite?
True
Let j be (-3930)/(-4) - (-7 + 117/18). Let h = j + 15. Is h prime?
False
Suppose -24*j = -28*j - 5*t + 36497, -9147 = -j + 2*t. Is j composite?
False
Suppose -15 = -w + 3*q, 8 = 2*w + 2*w + q. Suppose -4 = -a, w*i = 2*a - 3*a + 4. Suppose -6*t + 4026 - 72 = i. Is t a composite number?
False
Let l be 13/(5 + 52/(-10)). Let p = 40 - l. Let o = 196 - p. Is o a composite number?
True
Let a(r) = 16*r**2 - 76*r - 463. Is a(-58) a prime number?
False
Let g = 83 - 23. Let u be -3*6/27*g/(-8). Suppose u*h - 197 = 333. Is h prime?
False
Let z = 5 - 5. Let p(g) be the first derivative of g**2/2 + 95*g - 106. Is p(z) composite?
True
Let r(s) = s + 1. Let j(b) = 310*b - 15. Let d(w) = j(w) - 6*r(w). Is d(19) a prime number?
False
Suppose -5 = -3*i + 3*k - k, -2*i + 2*k = -2. Is ((-2674)/i + 5)/((-4)/12) a composite number?
False
Suppose 0 = -51*j + 78*j + 69*j - 104837088. Is j composite?
True
Let z(x) be the second derivative of -131/6*x**3 + 0 + x**2 + 16*x. Is z(-3) a prime number?
False
Let u = -235 - -51. Let t be (-525)/(-4) + -6 + u/(-32). Suppose x - 272 = t. Is x a prime number?
False
Suppose 0 = -6*t - 3040 + 724. Let f = 13 + t. Let p = f - -690. Is p composite?
False
Let m be (-4 - -8 - -2) + -2. Suppose 2*f - 21283 = 3*k - 2697, -m*k + 27879 = 3*f. Is f composite?
False
Suppose -116*a + 12750 = -119*a. Let m be 4/(-16) - a/8. Let j = 1586 - m. Is j a composite number?
True
Suppose 0 = -32*m + 9*m + 882353 + 1180034. Is m a prime number?
True
Suppose -159 = -17*o - 74. Suppose -2*f - 3 = 1. Is (1/f + (-849)/(-10))*o a prime number?
False
Suppose 2*t + 3*t = 4*j + 378400, 0 = 4*j + 4*t + 378436. Is (-1)/(j/47299 - -2) a composite number?
True
Is (-1)/(((-989576)/4947830 - 29/(-145))/1) a prime number?
True
Suppose 19 = -8*c - 29. Let o be (-4)/12 - (-160)/c. Is ((-9)/o)/(2/714) a composite number?
True
Let m = 106 - 102. Suppose -c - z - 3864 = -3*c, m*z = -8. Is c a prime number?
True
Is (-3661095)/(-10) - (-12)/(-24) composite?
True
Let o be 5/(15/(-3))*-4. Suppose -4*u = 5*m - 25202 + 277, -o*m + 19934 = 2*u. Is m a prime number?
False
Suppose -9 = 3*j, 0*g - 5*g - 3*j - 3589 = 0. Is (g/(-8))/((5/46)/5) a prime number?
False
Is -17 - (-27)/((-432)/(-4605856)) composite?
False
Let n be (3 + -1)*(-24441)/(-6) + 3. Let d = n + -4713. Is d a prime number?
False
Let z be (-5)/5 + (-3)/(-3 + 2). Suppose z*r + 18 = 11*r. Suppose -1046 - 1468 = -r*u. Is u a prime number?
False
Suppose -o + 147559 = -2*i, 75*i - 72*i = o - 147568. Is o a prime number?
True
Let b(p) = 5*p**2 - 29*p - 3. Let y be b(6). Suppose 51586 = 5*k - y*h, -2*h + h - 51592 = -5*k. Is k a prime number?
False
Let o(a) = -557*a - 6. Let k(i) be the second derivative of -i**5/20 + i**4/12 + i**3/3 - i**2/2 + 31*i. Let n be k(0). Is o(n) a prime number?
False
Suppose 10*o - 13*o - 186 = 0. Let p = o - -62. Suppose p = -4*b - 2*l + 2391 - 501, 4*l = -5*b + 2361. Is b prime?
False
Let n(h) = 751*h - 401. Is n(24) a prime number?
True
Suppose 0 = -7*g + 56140 + 32851. Is g a composite number?
False
Suppose -5*v + 1382 = 1097. Suppose 0 = -v*x + 34*x + 34661. Is x prime?
False
Let y = -87100 - -199497. Is y prime?
True
Suppose -2*u + 0*o = 2*o - 10, 2*o - 18 = -4*u. Suppose -4*j = -2*j - 5*k - 7257, -j = -u*k - 3621. Is j prime?
False
Let g(p) be the third derivative of -p**6/120 + 5*p**5/12 - 25*p**4/24 - 10*p**3/3 + 21*p**2 + 2*p. Is g(17) prime?
True
Let x(v) = -1181*v**3 + 2*v**2 - 1. Let d be x(1). Let b = 625 + d. Let a = 962 + b. Is a prime?
False
Suppose -17 = -3*q + 5*f, -3*q - 40*f = -39*f - 29. Is 205615/369 + (-2)/q a prime number?
True
Let t be (4/(-10))/(2/(-15)). Suppose 955 = t*n - 2*n - 3*q, -n = 4*q - 983. Is n prime?
True
Let t(f) = 225681*f**2 + 41*f - 43. Is t(1) a prime number?
False
Suppose w - 6*w = 30. Let k be 0/(16/w*3/(-4)). Suppose 11015 = 3*m - y, k*m + 7344 = 2*m - y. Is m prime?
True
Suppose 0 = -3*i + 53 + 25. Suppose 33*c = i*c + 45283. Is c a prime